n) = -2*n**2 - 6*n - 5. Suppose -3*i = -4*v + 1 + 3, -4*i + 2*v = 12. Let w(g) = i*a(g) - u(g). Calculate w(-1).
5
Let y(k) = k**3 - 3*k**2 + 4*k + k**2 - 8*k**2 - 6 + 5*k**2. Suppose -2 = -3*t + 2*m, -4*t + 3 = -2*m - 3. Give y(t).
-6
Let l(f) = f - 5. Let c be l(7). Let y(u) = -u**c - u - 4*u**3 + 0*u**2 - 5*u**3 + 2*u. Determine y(1).
-9
Let d(u) = 0*u + u - 9*u + u. Determine d(1).
-7
Let q(g) = -g - 8. Let z be q(-6). Let m(k) be the third derivative of k**5/20 + k**4/12 + k**3/3 + 2*k**2. Calculate m(z).
10
Let z(d) = 4*d**3 - 3*d**2 + d - 1. Suppose 60*r - 58*r = 4. What is z(r)?
21
Let j(c) = 3*c**2 - c - 1. Let n be j(-1). Let l(b) = -3*b**2 - 1 + b - b**2 + n + 2*b**2. Give l(2).
-4
Let w(n) = n**2 - 3*n - 2. Let q(v) = 4*v + 30. Let g be q(-7). What is w(g)?
-4
Suppose 5*o - 11 = -2*s, -5*s + 19 + 20 = o. Let j(w) = -w**2 + 9*w - 3. Determine j(s).
5
Suppose -2*i = p - 15, 2*i - 7*p + 2*p + 15 = 0. Let v(o) = -o**3 + 7*o**2 - 6*o - 4. Calculate v(i).
16
Let s be (-2)/10 - (0 + 2/(-10)). Let j(t) = t - 10. What is j(s)?
-10
Let w(n) = -5*n + 26. Let a(j) = 4*j - 25. Let f(v) = 6*a(v) + 5*w(v). Determine f(0).
-20
Let y be -1*1/4*4. Let d be 6 - (-8)/(-2) - y. Let g(s) = -4*s + 4. What is g(d)?
-8
Let c(l) = -l**3 + 5*l**2 + 4*l + 1. Let q be c(6). Let o = -15 - q. Let s(y) = y**2 - y - 1. Let u(r) = 5*r**2 + r + 1. Let m(f) = -4*s(f) + u(f). Give m(o).
1
Suppose -j + 0*j = 0, 2*y + 12 = -5*j. Let r be (-2 - -1)*(-1 - y). Let w(h) = h**3 + 5*h**2 + 3. What is w(r)?
3
Let f be 3/(-3 - (-18)/8). Let j(u) = -u**3 - 3*u**2 + 4*u - 3. What is j(f)?
-3
Suppose -f = -3*n - 10, 0 = -4*n - 10 - 2. Let y(g) = 7*g + 1. Determine y(f).
8
Suppose 24 = 2*q + 10*q. Let o(r) = 3*r**2 - 3*r + 1. Give o(q).
7
Let m(v) = -5*v - 1. Suppose 0 = 4*f - 3*q - 5, -10 = -0*f + f + 3*q. What is m(f)?
4
Let u(t) = -1 + 6*t**3 - 1 + 5*t**3 - 3*t**3. Let i(p) = -8*p**3 + 3. Let r(f) = 3*i(f) + 4*u(f). Calculate r(-1).
-7
Let u(h) be the first derivative of -9*h**2/2 + h - 4. Determine u(1).
-8
Let i(v) be the second derivative of -v**6/360 + v**5/24 + v**4/12 + v**3/6 - 6*v. Let l(d) be the second derivative of i(d). Calculate l(6).
-4
Suppose -5*f + 35 = 2*q + 2*q, 0 = -3*q + 15. Suppose -h - h = b - f, -9 = -3*b - 5*h. Let j(r) = b*r + 6 - 2 - 2. Determine j(-2).
-4
Let i(x) = -3*x**3 + 4*x + 5. Let w(m) = -2*m**3 + m**2 + 3*m + 5. Let n(y) = 3*i(y) - 4*w(y). What is n(-4)?
-5
Suppose 0 = -2*k + k + 3*v + 8, v = -5*k - 8. Let a(n) = -5*n - 1. Calculate a(k).
4
Suppose -w = -4*u + 16, -7*u = -4*u - 12. Let f(q) be the second derivative of 3*q + 1/6*q**3 + 2*q**2 + 1/12*q**4 + w. Calculate f(0).
4
Let v(o) = -2*o - 31. Let a be v(-13). Let n(x) = -3*x - 7. What is n(a)?
8
Suppose 0 = 3*p - p. Let q(o) = p*o + 0 + o - 4. Suppose n - 4*n + 9 = 0. Calculate q(n).
-1
Let a(s) be the first derivative of -s**2/2 - 6*s + 25. Calculate a(-9).
3
Let c = 4 + -3. Suppose -21 = 5*u - 2*u - 3*p, u = -2*p - c. Let h(v) = -7*v + v - 6 - v**2 - 2*v. Determine h(u).
9
Let f(g) be the first derivative of -g**3/3 + 2*g**2 + 3*g - 2. Let n be f(4). Let y(d) = -d**2 + 2*d - 4. Determine y(n).
-7
Let i = 28 + -34. Let t(q) = q**3 + 7*q**2 + 6*q - 4. Give t(i).
-4
Let t(g) = 22*g - 3. Let j(n) = 15*n - 2. Let i(w) = -7*j(w) + 5*t(w). Let h be ((-462)/121 - (-2)/(-11)) + 3. Calculate i(h).
-6
Let a(v) = -1 + 3 - 3 - v + 3*v. Give a(-6).
-13
Let n be 4 + 3 + (-6)/3. Suppose n*m + 2 = -s, s - 4*m + 1 = 8. Let y(l) = -6 - s*l + l + 0*l. Give y(-5).
4
Let j(g) = g**2 + 2*g + 1. Let h = -1 - 3. What is j(h)?
9
Let x(v) = -2*v - 2 + 2*v**2 + 0 - v**2 - 2*v. What is x(3)?
-5
Suppose 2*v + 30 = 12. Let m(n) = -n**3 - 8*n**2 + 8*n - 9. Determine m(v).
0
Let j(y) be the second derivative of -1/2*y**3 + 0 - 1/24*y**4 - 2*y - 1/60*y**5 + y**2. Let f(c) be the first derivative of j(c). What is f(-3)?
-9
Let g(x) = -4*x - 2. Suppose -2 = -n, f + 4*n - 8 + 2 = 0. Determine g(f).
6
Let k = 8 - 6. Let b(o) = -o - k*o - 22 + 24. Suppose 5*x = -2*n + 9, -3*n + 5 + 2 = x. Give b(n).
-4
Let x(q) be the third derivative of -3*q**2 + 0*q + 0 - 7/6*q**3 + 1/12*q**4. Calculate x(5).
3
Suppose 2*f - 5*o = -1, 19 = -f - 5*o - 4. Let b(z) = -z - 2. What is b(f)?
6
Let p(r) = 2*r - 6 + 4*r**2 - 5*r + 1. Let f = 2 - 7. Let i(h) = -7*h**2 + 6*h + 9. Let v(x) = f*p(x) - 3*i(x). Give v(3).
-2
Let u = -40 - -43. Let c(h) = -h - 2. Calculate c(u).
-5
Suppose 0 = -v + 4 - 2. Let y(m) = v*m + 1 - 3*m - m. Suppose 3*a + 30 = 5*l - 2*a, -5*l + 9 = 2*a. Calculate y(l).
-5
Let k(p) be the first derivative of p**4/4 - p**3/3 + p**2/2 + p + 27. What is k(-1)?
-2
Let y be 4/(-2)*15/(-10). Let w(s) = s**2 - 3*s - 4. Let u be w(y). Let v(m) = 2*m + 5. Determine v(u).
-3
Let b = -6 - -8. Let f(l) be the first derivative of 0*l + l**b - 5 - l - l + 2. Calculate f(3).
4
Let h = 19 - 15. Let j(n) = n**2 - 2*n. Determine j(h).
8
Let j(q) = 2*q - 10. Let w be 42/4*12/(-36)*-2. Give j(w).
4
Suppose a + 3*f = 14, -5*f - 8 = -4*a - 3. Let x(p) = -1 + 0*p - p + a*p**2 + p**3 - 6*p**2. Let b = 0 - 0. Give x(b).
-1
Let n(p) be the third derivative of -p**5/60 + 5*p**4/24 - 2*p**3/3 - 2*p**2. Let u(c) = -c**2 + 5*c + 5. Let j be u(5). Determine n(j).
-4
Let m(i) be the first derivative of i**6/120 - i**5/12 - 5*i**3/6 - i**2 - 2. Let w(a) be the second derivative of m(a). Calculate w(5).
-5
Let c(z) = -z - 5. Let x(b) = 2*b + 7. Let h be x(-4). Let l = h - 2. Determine c(l).
-2
Let c(m) = -m**3 + 4*m**2 + 5*m - 3. Let h be c(5). Let f(s) = -s + s**2 - 4*s**2 + s**2 + s**2. Calculate f(h).
-6
Suppose -2 = 2*f + 3*l, 0 = 5*f - 3*l + 3 + 2. Let r(x) be the first derivative of -7*x**3/3 + x**2 + x + 111. What is r(f)?
-8
Let q(v) be the second derivative of 7*v**3/6 - 2*v. Calculate q(1).
7
Let w(k) be the third derivative of -k**6/120 - k**5/12 + k**4/12 - k**3/3 - 35*k**2. What is w(-4)?
-26
Let k(q) = q**2 - 11*q - 7. Let h be k(12). Let b(g) = g**2 - 5*g + 7. Calculate b(h).
7
Let o(p) = -p**3 + p**2 - p. Suppose -h = -7*h - 0*h. Calculate o(h).
0
Let s(j) = -j - 6. Let g be s(-11). Let p(a) be the third derivative of -1/6*a**3 + 0 - 1/10*a**g + 1/24*a**4 + 0*a - a**2. Determine p(1).
-6
Let v(j) = -j**2 + 4*j - 4. Suppose -18 = -u + 7*u. Let w(c) = -c + 1. Let n be w(u). Give v(n).
-4
Let m(f) = f**2 + f - 1. Let t be (-2)/(-2)*(-2 - 0). Let v be m(t). Let l(p) = -2*p - 1. Calculate l(v).
-3
Let o be 4/((2 - (-6 - -4))/4). Let i(m) = m**3 - 3*m**2 - 4*m - 4. Determine i(o).
-4
Let j(y) be the second derivative of 2*y + 0*y**2 + 0 + 0*y**3 + 1/12*y**4 + 1/10*y**5. Let h = -39 + 38. What is j(h)?
-1
Let d be (-2 - -11)/((-6)/(-4)). Let u(z) = 9 - 33*z + 1 + 35*z - 18. Determine u(d).
4
Let d be ((-24)/(-16))/(1/2). Let i(f) = -6 + 2*f + 3*f - d*f. What is i(5)?
4
Suppose 0 = -5*h + 4*w + 11 + 35, -h - 5*w + 15 = 0. Let r be (16 + -2)*h/35. Let c(z) = 4*z - 6. What is c(r)?
10
Let p = 1 - -30. Suppose 3*s = 3*u + 24, -3*u - p = -5*s - u. Let a(w) = -6*w**2 - w - 5*w**3 + 4 + s*w**3 + w**3. Calculate a(6).
-2
Let h(p) = -3 + p + 1 + 5. Calculate h(-6).
-3
Let r(v) = -v**2 + 8*v - 7. Let k = -48 - -34. Let u = k - -20. Give r(u).
5
Suppose -l + 3 = -0. Let h be (4/l)/(4/(-6)). Let u(y) be the second derivative of y**5/20 + y**4/6 + y. Determine u(h).
0
Let k(j) = -3 - 2*j**2 + 0 + 1 - 2*j + 5. Calculate k(2).
-9
Let x be 2/(12/15)*2. Let a(t) = -t**3 + 6*t**2 - 4*t - 3. Let c be a(x). Let y(n) = -n**3 + 4*n**2 - 3*n + 3. Determine y(c).
5
Let f(b) = 12*b - 9. Let a(m) = -8*m + 6. Let c(l) = -8*a(l) - 5*f(l). Let z be 1 - 0 - (-6 + 5). Give c(z).
5
Let m(b) = b**2 - 5*b + 1. Let q(r) = r. Let k be q(-1). Let w be 6 + 2/(k/1). Calculate m(w).
-3
Let w(k) = 2*k**3 + 9*k**3 - 2*k**3 - 12 - 2*k**3 - 10*k + 2*k**2. Let c(r) = 15*r**3 + 5*r**2 - 21*r - 25. Let m(d) = -6*c(d) + 13*w(d). Give m(5).
-1
Let g(z) = -z**3 + 5*z**2 + 7*z - 1. Suppose -5*y - 3*t = t - 50, 0 = -5*y - 2*t + 40. Give g(y).
5
Suppose -d = -3*j, 2*d - j - 4 = j. Let c(k) = 2*k - 2 + d - 1. Determine c(-2).
-4
Let j(c) = 11*c + 22. Let l(i) = -7*i - 14. Let w(d) = 5*j(d) + 8*l(d). Let h be -6*(-1)/((-1)/(-1)). Calculate w(h).
-8
Let d = 9 + -10. Let a(t) = t**2 + t - 1. Let o(c) = -6*c**2 - 10*c + 4. Let j(p) = d*o(p) - 5*a(p). Determine j(-2).
-5
Let y be (-36)/(-8) + 6/4. Let u b